Last updated on 2022-04-24 03:52:25 CEST.
Flavor | Version | Tinstall | Tcheck | Ttotal | Status | Flags |
---|---|---|---|---|---|---|
r-devel-linux-x86_64-debian-clang | 1.01-2 | 2.79 | 30.28 | 33.07 | NOTE | |
r-devel-linux-x86_64-debian-gcc | 1.01-2 | 1.95 | 23.64 | 25.59 | NOTE | |
r-devel-linux-x86_64-fedora-clang | 1.01-2 | 41.57 | NOTE | |||
r-devel-linux-x86_64-fedora-gcc | 1.01-2 | 29.55 | NOTE | |||
r-patched-linux-x86_64 | 1.01-2 | 2.21 | 29.87 | 32.08 | NOTE | |
r-release-linux-x86_64 | 1.01-2 | 2.28 | 29.01 | 31.29 | NOTE | |
r-release-macos-arm64 | 1.01-2 | NOTE | ||||
r-release-macos-x86_64 | 1.01-2 | NOTE | ||||
r-release-windows-x86_64 | 1.01-2 | 16.00 | 44.00 | 60.00 | NOTE | |
r-oldrel-macos-arm64 | 1.01-2 | NOTE | ||||
r-oldrel-macos-x86_64 | 1.01-2 | NOTE | ||||
r-oldrel-windows-ix86+x86_64 | 1.01-2 | 8.00 | 33.00 | 41.00 | NOTE |
Version: 1.01-2
Check: DESCRIPTION meta-information
Result: NOTE
Malformed Description field: should contain one or more complete sentences.
Flavors: r-devel-linux-x86_64-debian-clang, r-devel-linux-x86_64-debian-gcc, r-devel-linux-x86_64-fedora-clang, r-devel-linux-x86_64-fedora-gcc, r-patched-linux-x86_64, r-release-linux-x86_64, r-release-macos-arm64, r-release-macos-x86_64, r-release-windows-x86_64, r-oldrel-macos-arm64, r-oldrel-macos-x86_64, r-oldrel-windows-ix86+x86_64
Version: 1.01-2
Check: compiled code
Result: NOTE
File ‘flashClust/libs/flashClust.so’:
Found no calls to: ‘R_registerRoutines’, ‘R_useDynamicSymbols’
It is good practice to register native routines and to disable symbol
search.
See ‘Writing portable packages’ in the ‘Writing R Extensions’ manual.
Flavors: r-devel-linux-x86_64-fedora-clang, r-devel-linux-x86_64-fedora-gcc