Last updated on 2022-04-24 03:52:25 CEST.
Flavor | Version | Tinstall | Tcheck | Ttotal | Status | Flags |
---|---|---|---|---|---|---|
r-devel-linux-x86_64-debian-clang | 0.1.4 | 3.56 | 42.60 | 46.16 | OK | |
r-devel-linux-x86_64-debian-gcc | 0.1.4 | 2.87 | 32.48 | 35.35 | OK | |
r-devel-linux-x86_64-fedora-clang | 0.1.4 | 56.77 | NOTE | |||
r-devel-linux-x86_64-fedora-gcc | 0.1.4 | 44.17 | NOTE | |||
r-patched-linux-x86_64 | 0.1.4 | 2.93 | 40.80 | 43.73 | OK | |
r-release-linux-x86_64 | 0.1.4 | 2.67 | 39.62 | 42.29 | OK | |
r-release-macos-arm64 | 0.1.4 | NOTE | ||||
r-release-macos-x86_64 | 0.1.4 | NOTE | ||||
r-release-windows-x86_64 | 0.1.4 | 26.00 | 65.00 | 91.00 | OK | |
r-oldrel-macos-arm64 | 0.1.4 | NOTE | ||||
r-oldrel-macos-x86_64 | 0.1.4 | NOTE | ||||
r-oldrel-windows-ix86+x86_64 | 0.1.4 | 7.00 | 49.00 | 56.00 | OK |
Version: 0.1.4
Check: dependencies in R code
Result: NOTE
Namespaces in Imports field not imported from:
‘data.table’ ‘xtable’
All declared Imports should be used.
Flavors: r-devel-linux-x86_64-fedora-clang, r-devel-linux-x86_64-fedora-gcc, r-release-macos-arm64, r-release-macos-x86_64, r-oldrel-macos-arm64, r-oldrel-macos-x86_64