Last updated on 2022-04-24 03:52:25 CEST.
Flavor | Version | Tinstall | Tcheck | Ttotal | Status | Flags |
---|---|---|---|---|---|---|
r-devel-linux-x86_64-debian-clang | 0.5.2 | 2.95 | 45.63 | 48.58 | NOTE | |
r-devel-linux-x86_64-debian-gcc | 0.5.2 | 2.90 | 35.15 | 38.05 | NOTE | |
r-devel-linux-x86_64-fedora-clang | 0.5.2 | 58.83 | NOTE | |||
r-devel-linux-x86_64-fedora-gcc | 0.5.2 | 46.99 | NOTE | |||
r-patched-linux-x86_64 | 0.5.2 | 3.71 | 43.48 | 47.19 | NOTE | |
r-release-linux-x86_64 | 0.5.2 | 3.46 | 42.66 | 46.12 | NOTE | |
r-release-macos-arm64 | 0.5.2 | NOTE | ||||
r-release-macos-x86_64 | 0.5.2 | NOTE | ||||
r-release-windows-x86_64 | 0.5.2 | 62.00 | 73.00 | 135.00 | NOTE | |
r-oldrel-macos-arm64 | 0.5.2 | NOTE | ||||
r-oldrel-macos-x86_64 | 0.5.2 | NOTE | ||||
r-oldrel-windows-ix86+x86_64 | 0.5.2 | 9.00 | 51.00 | 60.00 | NOTE |
Version: 0.5.2
Check: LazyData
Result: NOTE
'LazyData' is specified without a 'data' directory
Flavors: r-devel-linux-x86_64-debian-clang, r-devel-linux-x86_64-debian-gcc, r-devel-linux-x86_64-fedora-clang, r-devel-linux-x86_64-fedora-gcc, r-patched-linux-x86_64, r-release-linux-x86_64, r-release-macos-arm64, r-release-macos-x86_64, r-release-windows-x86_64, r-oldrel-macos-arm64, r-oldrel-macos-x86_64, r-oldrel-windows-ix86+x86_64