Last updated on 2022-04-24 03:52:25 CEST.
Flavor | Version | Tinstall | Tcheck | Ttotal | Status | Flags |
---|---|---|---|---|---|---|
r-devel-linux-x86_64-debian-clang | 1.2.0 | 11.67 | 139.83 | 151.50 | NOTE | |
r-devel-linux-x86_64-debian-gcc | 1.2.0 | 8.68 | 102.36 | 111.04 | NOTE | |
r-devel-linux-x86_64-fedora-clang | 1.2.0 | 192.92 | NOTE | |||
r-devel-linux-x86_64-fedora-gcc | 1.2.0 | 178.75 | NOTE | |||
r-patched-linux-x86_64 | 1.2.0 | 14.80 | 128.83 | 143.63 | NOTE | |
r-release-linux-x86_64 | 1.2.0 | 9.80 | 122.75 | 132.55 | NOTE | |
r-release-macos-arm64 | 1.2.0 | NOTE | ||||
r-release-macos-x86_64 | 1.2.0 | NOTE | ||||
r-release-windows-x86_64 | 1.2.0 | 21.00 | 150.00 | 171.00 | NOTE | |
r-oldrel-macos-arm64 | 1.2.0 | NOTE | ||||
r-oldrel-macos-x86_64 | 1.2.0 | NOTE | ||||
r-oldrel-windows-ix86+x86_64 | 1.2.0 | 25.00 | 142.00 | 167.00 | NOTE |
Version: 1.2.0
Check: LazyData
Result: NOTE
'LazyData' is specified without a 'data' directory
Flavors: r-devel-linux-x86_64-debian-clang, r-devel-linux-x86_64-debian-gcc, r-devel-linux-x86_64-fedora-clang, r-devel-linux-x86_64-fedora-gcc, r-patched-linux-x86_64, r-release-linux-x86_64, r-release-macos-arm64, r-release-macos-x86_64, r-release-windows-x86_64, r-oldrel-macos-arm64, r-oldrel-macos-x86_64, r-oldrel-windows-ix86+x86_64