Last updated on 2022-04-24 03:52:25 CEST.
Flavor | Version | Tinstall | Tcheck | Ttotal | Status | Flags |
---|---|---|---|---|---|---|
r-devel-linux-x86_64-debian-clang | 0.3.1 | 32.22 | 109.04 | 141.26 | OK | |
r-devel-linux-x86_64-debian-gcc | 0.3.1 | 25.89 | 79.98 | 105.87 | OK | |
r-devel-linux-x86_64-fedora-clang | 0.3.1 | 196.38 | NOTE | |||
r-devel-linux-x86_64-fedora-gcc | 0.3.1 | 162.99 | NOTE | |||
r-patched-linux-x86_64 | 0.3.1 | 28.91 | 100.96 | 129.87 | OK | |
r-release-linux-x86_64 | 0.3.1 | 26.98 | 107.09 | 134.07 | OK | |
r-release-macos-arm64 | 0.3.1 | NOTE | ||||
r-release-macos-x86_64 | 0.3.1 | NOTE | ||||
r-release-windows-x86_64 | 0.3.1 | 48.00 | 161.00 | 209.00 | NOTE | |
r-oldrel-macos-arm64 | 0.3.1 | NOTE | ||||
r-oldrel-macos-x86_64 | 0.3.1 | NOTE | ||||
r-oldrel-windows-ix86+x86_64 | 0.3.1 | 76.00 | 179.00 | 255.00 | NOTE |
Version: 0.3.1
Check: installed package size
Result: NOTE
installed size is 8.9Mb
sub-directories of 1Mb or more:
doc 7.6Mb
Flavors: r-devel-linux-x86_64-fedora-clang, r-release-macos-arm64, r-release-macos-x86_64, r-release-windows-x86_64, r-oldrel-macos-arm64, r-oldrel-macos-x86_64, r-oldrel-windows-ix86+x86_64
Version: 0.3.1
Check: dependencies in R code
Result: NOTE
Namespaces in Imports field not imported from:
‘R6’ ‘pbapply’
All declared Imports should be used.
Flavors: r-devel-linux-x86_64-fedora-clang, r-devel-linux-x86_64-fedora-gcc, r-release-macos-arm64, r-release-macos-x86_64, r-oldrel-macos-arm64, r-oldrel-macos-x86_64