Last updated on 2022-04-24 03:52:25 CEST.
Flavor | Version | Tinstall | Tcheck | Ttotal | Status | Flags |
---|---|---|---|---|---|---|
r-devel-linux-x86_64-debian-clang | 0.3-0 | 21.59 | 97.39 | 118.98 | OK | |
r-devel-linux-x86_64-debian-gcc | 0.3-0 | 19.28 | 73.06 | 92.34 | OK | |
r-devel-linux-x86_64-fedora-clang | 0.3-0 | 147.60 | OK | |||
r-devel-linux-x86_64-fedora-gcc | 0.3-0 | 133.77 | OK | |||
r-patched-linux-x86_64 | 0.3-0 | 20.95 | 91.31 | 112.26 | OK | |
r-release-linux-x86_64 | 0.3-0 | 20.47 | 87.08 | 107.55 | OK | |
r-release-macos-arm64 | 0.3-0 | OK | ||||
r-release-macos-x86_64 | 0.3-0 | OK | ||||
r-release-windows-x86_64 | 0.3-0 | 126.00 | 148.00 | 274.00 | OK | |
r-oldrel-macos-arm64 | 0.3-0 | OK | ||||
r-oldrel-macos-x86_64 | 0.3-0 | OK | ||||
r-oldrel-windows-ix86+x86_64 | 0.3-0 | 190.00 | 170.00 | 360.00 | NOTE |
Version: 0.3-0
Check: installed package size
Result: NOTE
installed size is 10.2Mb
sub-directories of 1Mb or more:
libs 9.2Mb
Flavor: r-oldrel-windows-ix86+x86_64