Last updated on 2022-04-24 03:52:25 CEST.
Flavor | Version | Tinstall | Tcheck | Ttotal | Status | Flags |
---|---|---|---|---|---|---|
r-devel-linux-x86_64-debian-clang | 0.3.4 | 42.40 | 84.62 | 127.02 | OK | |
r-devel-linux-x86_64-debian-gcc | 0.3.4 | 36.69 | 63.96 | 100.65 | OK | |
r-devel-linux-x86_64-fedora-clang | 0.3.4 | 161.28 | NOTE | |||
r-devel-linux-x86_64-fedora-gcc | 0.3.4 | 147.39 | OK | |||
r-patched-linux-x86_64 | 0.3.4 | 40.90 | 78.12 | 119.02 | OK | |
r-release-linux-x86_64 | 0.3.4 | 42.01 | 76.91 | 118.92 | OK | |
r-release-macos-arm64 | 0.3.4 | NOTE | ||||
r-release-macos-x86_64 | 0.3.4 | NOTE | ||||
r-release-windows-x86_64 | 0.3.4 | 49.00 | 92.00 | 141.00 | NOTE | |
r-oldrel-macos-arm64 | 0.3.4 | NOTE | ||||
r-oldrel-macos-x86_64 | 0.3.4 | NOTE | ||||
r-oldrel-windows-ix86+x86_64 | 0.3.4 | 70.00 | 82.00 | 152.00 | NOTE |
Version: 0.3.4
Check: installed package size
Result: NOTE
installed size is 7.2Mb
sub-directories of 1Mb or more:
R 7.0Mb
Flavors: r-devel-linux-x86_64-fedora-clang, r-release-macos-arm64, r-release-macos-x86_64, r-release-windows-x86_64, r-oldrel-macos-arm64, r-oldrel-macos-x86_64, r-oldrel-windows-ix86+x86_64