Last updated on 2022-04-24 03:52:25 CEST.
Flavor | Version | Tinstall | Tcheck | Ttotal | Status | Flags |
---|---|---|---|---|---|---|
r-devel-linux-x86_64-debian-clang | 1.0 | 2.44 | 32.35 | 34.79 | NOTE | |
r-devel-linux-x86_64-debian-gcc | 1.0 | 1.81 | 25.04 | 26.85 | NOTE | |
r-devel-linux-x86_64-fedora-clang | 1.0 | 43.41 | NOTE | |||
r-devel-linux-x86_64-fedora-gcc | 1.0 | 30.86 | NOTE | |||
r-patched-linux-x86_64 | 1.0 | 2.66 | 31.19 | 33.85 | NOTE | |
r-release-linux-x86_64 | 1.0 | 1.52 | 31.30 | 32.82 | NOTE | |
r-release-macos-arm64 | 1.0 | NOTE | ||||
r-release-macos-x86_64 | 1.0 | NOTE | ||||
r-release-windows-x86_64 | 1.0 | 12.00 | 46.00 | 58.00 | NOTE | |
r-oldrel-macos-arm64 | 1.0 | NOTE | ||||
r-oldrel-macos-x86_64 | 1.0 | NOTE | ||||
r-oldrel-windows-ix86+x86_64 | 1.0 | 5.00 | 28.00 | 33.00 | NOTE |
Version: 1.0
Check: R code for possible problems
Result: NOTE
RIind: no visible global function definition for 'aggregate'
RIind: no visible binding for global variable 'sd'
RIpop: no visible global function definition for 'aggregate'
RIpop: no visible binding for global variable 'sd'
SI: no visible global function definition for 'sd'
SI2: no visible global function definition for 'sd'
SI3: no visible global function definition for 'aggregate'
SI3: no visible global function definition for 'pairs'
SI3: no visible global function definition for 'cor'
SI4: no visible global function definition for 'aggregate'
SI4: no visible global function definition for 'sd'
fCV: no visible global function definition for 'sd'
Undefined global functions or variables:
aggregate cor pairs sd
Consider adding
importFrom("graphics", "pairs")
importFrom("stats", "aggregate", "cor", "sd")
to your NAMESPACE file.
Flavors: r-devel-linux-x86_64-debian-clang, r-devel-linux-x86_64-debian-gcc, r-devel-linux-x86_64-fedora-clang, r-devel-linux-x86_64-fedora-gcc, r-patched-linux-x86_64, r-release-linux-x86_64, r-release-macos-arm64, r-release-macos-x86_64, r-release-windows-x86_64, r-oldrel-macos-arm64, r-oldrel-macos-x86_64, r-oldrel-windows-ix86+x86_64