Last updated on 2022-04-24 03:52:25 CEST.
Flavor | Version | Tinstall | Tcheck | Ttotal | Status | Flags |
---|---|---|---|---|---|---|
r-devel-linux-x86_64-debian-clang | 1.0 | 2.53 | 32.13 | 34.66 | NOTE | |
r-devel-linux-x86_64-debian-gcc | 1.0 | 1.55 | 25.12 | 26.67 | NOTE | |
r-devel-linux-x86_64-fedora-clang | 1.0 | 43.14 | NOTE | |||
r-devel-linux-x86_64-fedora-gcc | 1.0 | 30.86 | NOTE | |||
r-patched-linux-x86_64 | 1.0 | 2.74 | 31.62 | 34.36 | NOTE | |
r-release-linux-x86_64 | 1.0 | 1.88 | 31.02 | 32.90 | NOTE | |
r-release-macos-arm64 | 1.0 | NOTE | ||||
r-release-macos-x86_64 | 1.0 | NOTE | ||||
r-release-windows-x86_64 | 1.0 | 14.00 | 47.00 | 61.00 | NOTE | |
r-oldrel-macos-arm64 | 1.0 | NOTE | ||||
r-oldrel-macos-x86_64 | 1.0 | NOTE | ||||
r-oldrel-windows-ix86+x86_64 | 1.0 | 5.00 | 37.00 | 42.00 | NOTE |
Version: 1.0
Check: DESCRIPTION meta-information
Result: NOTE
Malformed Title field: should not end in a period.
Flavors: r-devel-linux-x86_64-debian-clang, r-devel-linux-x86_64-debian-gcc, r-devel-linux-x86_64-fedora-clang, r-devel-linux-x86_64-fedora-gcc, r-patched-linux-x86_64, r-release-linux-x86_64, r-release-macos-arm64, r-release-macos-x86_64, r-release-windows-x86_64, r-oldrel-macos-arm64, r-oldrel-macos-x86_64, r-oldrel-windows-ix86+x86_64
Version: 1.0
Check: dependencies in R code
Result: NOTE
'library' or 'require' call to 'stats' in package code.
Please use :: or requireNamespace() instead.
See section 'Suggested packages' in the 'Writing R Extensions' manual.
Flavors: r-devel-linux-x86_64-debian-clang, r-devel-linux-x86_64-debian-gcc, r-devel-linux-x86_64-fedora-clang, r-devel-linux-x86_64-fedora-gcc, r-patched-linux-x86_64, r-release-linux-x86_64, r-release-macos-arm64, r-release-macos-x86_64, r-release-windows-x86_64, r-oldrel-macos-arm64, r-oldrel-macos-x86_64, r-oldrel-windows-ix86+x86_64
Version: 1.0
Check: R code for possible problems
Result: NOTE
GCV: no visible global function definition for 'lm'
GCV: no visible global function definition for 'resid'
ffplot: no visible global function definition for 'par'
ffplot: no visible global function definition for 'points'
ffplot: no visible global function definition for 'legend'
flowfield: no visible global function definition for 'write.table'
gpr: no visible global function definition for 'quantile'
gpr: no visible global function definition for 'var'
smoothp: no visible global function definition for 'lm'
smoothp: no visible global function definition for 'predict'
smoothp: no visible global function definition for 'resid'
smoothp: no visible global function definition for 'optimize'
Undefined global functions or variables:
legend lm optimize par points predict quantile resid var write.table
Consider adding
importFrom("graphics", "legend", "par", "points")
importFrom("stats", "lm", "optimize", "predict", "quantile", "resid",
"var")
importFrom("utils", "write.table")
to your NAMESPACE file.
Flavors: r-devel-linux-x86_64-debian-clang, r-devel-linux-x86_64-debian-gcc, r-devel-linux-x86_64-fedora-clang, r-devel-linux-x86_64-fedora-gcc, r-patched-linux-x86_64, r-release-linux-x86_64, r-release-macos-arm64, r-release-macos-x86_64, r-release-windows-x86_64, r-oldrel-macos-arm64, r-oldrel-macos-x86_64, r-oldrel-windows-ix86+x86_64