Last updated on 2022-04-24 03:52:25 CEST.
Flavor | Version | Tinstall | Tcheck | Ttotal | Status | Flags |
---|---|---|---|---|---|---|
r-devel-linux-x86_64-debian-clang | 0.3-0 | 6.55 | 60.93 | 67.48 | NOTE | |
r-devel-linux-x86_64-debian-gcc | 0.3-0 | 5.23 | 45.15 | 50.38 | NOTE | |
r-devel-linux-x86_64-fedora-clang | 0.3-0 | 81.58 | NOTE | |||
r-devel-linux-x86_64-fedora-gcc | 0.3-0 | 68.78 | NOTE | |||
r-patched-linux-x86_64 | 0.3-0 | 6.76 | 57.77 | 64.53 | NOTE | |
r-release-linux-x86_64 | 0.3-0 | 5.97 | 55.86 | 61.83 | NOTE | |
r-release-macos-arm64 | 0.3-0 | NOTE | ||||
r-release-macos-x86_64 | 0.3-0 | NOTE | ||||
r-release-windows-x86_64 | 0.3-0 | 28.00 | 76.00 | 104.00 | NOTE | |
r-oldrel-macos-arm64 | 0.3-0 | NOTE | ||||
r-oldrel-macos-x86_64 | 0.3-0 | NOTE | ||||
r-oldrel-windows-ix86+x86_64 | 0.3-0 | 11.00 | 66.00 | 77.00 | NOTE |
Version: 0.3-0
Check: R code for possible problems
Result: NOTE
export: no visible global function definition for 'write.table'
flux.odae : <anonymous>: no visible global function definition for
'combn'
mf.flux: no visible global function definition for 'runsd'
plot.fluss: no visible global function definition for 'dev.new'
plot.fluss: no visible global function definition for 'pdf'
plot.fluss: no visible global function definition for 'dev.off'
plot.fluxes: no visible global function definition for 'dev.new'
plot.fluxes: no visible global function definition for 'devAskNewPage'
plot.fluxes: no visible global function definition for 'pdf'
plot.fluxes: no visible global function definition for 'dev.off'
plot.fluxxes: no visible global function definition for 'dev.new'
plot.fluxxes: no visible global function definition for 'devAskNewPage'
plot.fluxxes: no visible global function definition for 'pdf'
plot.fluxxes: no visible global function definition for 'dev.off'
reco.bulk : get.out: no visible global function definition for
'boxplot.stats'
Undefined global functions or variables:
boxplot.stats combn dev.new dev.off devAskNewPage pdf runsd
write.table
Consider adding
importFrom("grDevices", "boxplot.stats", "dev.new", "dev.off",
"devAskNewPage", "pdf")
importFrom("utils", "combn", "write.table")
to your NAMESPACE file.
Flavors: r-devel-linux-x86_64-debian-clang, r-devel-linux-x86_64-debian-gcc, r-devel-linux-x86_64-fedora-clang, r-devel-linux-x86_64-fedora-gcc, r-patched-linux-x86_64, r-release-linux-x86_64, r-release-macos-arm64, r-release-macos-x86_64, r-release-windows-x86_64, r-oldrel-macos-arm64, r-oldrel-macos-x86_64, r-oldrel-windows-ix86+x86_64
Version: 0.3-0
Check: for non-standard things in the check directory
Result: NOTE
Found the following files/directories:
'flux.CH4.txt'
Flavors: r-devel-linux-x86_64-debian-clang, r-devel-linux-x86_64-debian-gcc, r-devel-linux-x86_64-fedora-clang, r-devel-linux-x86_64-fedora-gcc, r-patched-linux-x86_64, r-release-linux-x86_64
Version: 0.3-0
Check: Rd cross-references
Result: NOTE
Undeclared package ‘HMR’ in Rd xrefs
Flavor: r-devel-linux-x86_64-fedora-clang