Last updated on 2022-04-24 03:52:25 CEST.
Flavor | Version | Tinstall | Tcheck | Ttotal | Status | Flags |
---|---|---|---|---|---|---|
r-devel-linux-x86_64-debian-clang | 0.1.3 | 25.06 | 73.59 | 98.65 | OK | |
r-devel-linux-x86_64-debian-gcc | 0.1.3 | 21.30 | 53.89 | 75.19 | OK | |
r-devel-linux-x86_64-fedora-clang | 0.1.3 | 130.11 | NOTE | |||
r-devel-linux-x86_64-fedora-gcc | 0.1.3 | 109.38 | NOTE | |||
r-patched-linux-x86_64 | 0.1.3 | 21.50 | 68.52 | 90.02 | OK | |
r-release-linux-x86_64 | 0.1.3 | 23.54 | 68.97 | 92.51 | OK | |
r-release-macos-arm64 | 0.1.3 | NOTE | ||||
r-release-macos-x86_64 | 0.1.3 | NOTE | ||||
r-release-windows-x86_64 | 0.1.3 | 31.00 | 108.00 | 139.00 | OK | |
r-oldrel-macos-arm64 | 0.1.3 | NOTE | ||||
r-oldrel-macos-x86_64 | 0.1.3 | NOTE | ||||
r-oldrel-windows-ix86+x86_64 | 0.1.3 | 63.00 | 117.00 | 180.00 | OK |
Version: 0.1.3
Check: dependencies in R code
Result: NOTE
Namespaces in Imports field not imported from:
‘kableExtra’ ‘knitr’ ‘rmarkdown’
All declared Imports should be used.
Flavors: r-devel-linux-x86_64-fedora-clang, r-devel-linux-x86_64-fedora-gcc, r-release-macos-arm64, r-release-macos-x86_64, r-oldrel-macos-arm64, r-oldrel-macos-x86_64