Last updated on 2022-04-24 03:52:25 CEST.
Flavor | Version | Tinstall | Tcheck | Ttotal | Status | Flags |
---|---|---|---|---|---|---|
r-devel-linux-x86_64-debian-clang | 0.1.1 | 59.70 | 39.42 | 99.12 | OK | |
r-devel-linux-x86_64-debian-gcc | 0.1.1 | 43.25 | 30.76 | 74.01 | OK | |
r-devel-linux-x86_64-fedora-clang | 0.1.1 | 134.12 | OK | |||
r-devel-linux-x86_64-fedora-gcc | 0.1.1 | 112.96 | OK | |||
r-patched-linux-x86_64 | 0.1.1 | 44.76 | 38.45 | 83.21 | OK | |
r-release-linux-x86_64 | 0.1.1 | 44.44 | 36.95 | 81.39 | OK | |
r-release-macos-arm64 | 0.1.1 | NOTE | ||||
r-release-macos-x86_64 | 0.1.1 | NOTE | ||||
r-release-windows-x86_64 | 0.1.1 | 282.00 | 83.00 | 365.00 | OK | |
r-oldrel-macos-arm64 | 0.1.1 | NOTE | ||||
r-oldrel-macos-x86_64 | 0.1.1 | NOTE | ||||
r-oldrel-windows-ix86+x86_64 | 0.1.1 | 28.00 | 8.00 | 36.00 | ERROR |
Version: 0.1.1
Check: installed package size
Result: NOTE
installed size is 6.3Mb
sub-directories of 1Mb or more:
libs 6.3Mb
Flavors: r-release-macos-arm64, r-release-macos-x86_64, r-oldrel-macos-arm64, r-oldrel-macos-x86_64
Version: 0.1.1
Check: whether package can be installed
Result: ERROR
Installation failed.
Flavor: r-oldrel-windows-ix86+x86_64