Last updated on 2022-04-24 03:52:25 CEST.
Flavor | Version | Tinstall | Tcheck | Ttotal | Status | Flags |
---|---|---|---|---|---|---|
r-devel-linux-x86_64-debian-clang | 0.1.4 | 4.27 | 65.28 | 69.55 | NOTE | |
r-devel-linux-x86_64-debian-gcc | 0.1.4 | 4.85 | 48.61 | 53.46 | NOTE | |
r-devel-linux-x86_64-fedora-clang | 0.1.4 | 86.23 | NOTE | |||
r-devel-linux-x86_64-fedora-gcc | 0.1.4 | 73.99 | NOTE | |||
r-patched-linux-x86_64 | 0.1.4 | 6.23 | 63.01 | 69.24 | NOTE | |
r-release-linux-x86_64 | 0.1.4 | 4.26 | 60.75 | 65.01 | NOTE | |
r-release-macos-arm64 | 0.1.4 | NOTE | ||||
r-release-macos-x86_64 | 0.1.4 | NOTE | ||||
r-release-windows-x86_64 | 0.1.4 | 26.00 | 89.00 | 115.00 | NOTE | |
r-oldrel-macos-arm64 | 0.1.4 | NOTE | ||||
r-oldrel-macos-x86_64 | 0.1.4 | NOTE | ||||
r-oldrel-windows-ix86+x86_64 | 0.1.4 | 11.00 | 72.00 | 83.00 | NOTE |
Version: 0.1.4
Check: LazyData
Result: NOTE
'LazyData' is specified without a 'data' directory
Flavors: r-devel-linux-x86_64-debian-clang, r-devel-linux-x86_64-debian-gcc, r-devel-linux-x86_64-fedora-clang, r-devel-linux-x86_64-fedora-gcc, r-patched-linux-x86_64, r-release-linux-x86_64, r-release-macos-arm64, r-release-macos-x86_64, r-release-windows-x86_64, r-oldrel-macos-arm64, r-oldrel-macos-x86_64, r-oldrel-windows-ix86+x86_64