Last updated on 2022-04-24 03:52:25 CEST.
Flavor | Version | Tinstall | Tcheck | Ttotal | Status | Flags |
---|---|---|---|---|---|---|
r-devel-linux-x86_64-debian-clang | 0.0-1 | 42.19 | 113.56 | 155.75 | OK | |
r-devel-linux-x86_64-debian-gcc | 0.0-1 | 31.95 | 85.54 | 117.49 | OK | |
r-devel-linux-x86_64-fedora-clang | 0.0-1 | 198.70 | NOTE | |||
r-devel-linux-x86_64-fedora-gcc | 0.0-1 | 181.33 | NOTE | |||
r-patched-linux-x86_64 | 0.0-1 | 34.74 | 109.18 | 143.92 | OK | |
r-release-linux-x86_64 | 0.0-1 | 34.06 | 101.37 | 135.43 | OK | |
r-release-macos-arm64 | 0.0-1 | NOTE | ||||
r-release-macos-x86_64 | 0.0-1 | NOTE | ||||
r-release-windows-x86_64 | 0.0-1 | 38.00 | 139.00 | 177.00 | OK | |
r-oldrel-macos-arm64 | 0.0-1 | NOTE | ||||
r-oldrel-macos-x86_64 | 0.0-1 | NOTE | ||||
r-oldrel-windows-ix86+x86_64 | 0.0-1 | 98.00 | 163.00 | 261.00 | OK |
Version: 0.0-1
Check: dependencies in R code
Result: NOTE
Namespace in Imports field not imported from: ‘MASS’
All declared Imports should be used.
Flavors: r-devel-linux-x86_64-fedora-clang, r-devel-linux-x86_64-fedora-gcc, r-release-macos-arm64, r-release-macos-x86_64, r-oldrel-macos-arm64, r-oldrel-macos-x86_64