Last updated on 2022-04-24 03:52:25 CEST.
Flavor | Version | Tinstall | Tcheck | Ttotal | Status | Flags |
---|---|---|---|---|---|---|
r-devel-linux-x86_64-debian-clang | 1.3.3 | 2.50 | 36.14 | 38.64 | NOTE | |
r-devel-linux-x86_64-debian-gcc | 1.3.3 | 1.75 | 28.22 | 29.97 | NOTE | |
r-devel-linux-x86_64-fedora-clang | 1.3.3 | 48.20 | NOTE | |||
r-devel-linux-x86_64-fedora-gcc | 1.3.3 | 35.64 | NOTE | |||
r-patched-linux-x86_64 | 1.3.3 | 2.08 | 35.49 | 37.57 | NOTE | |
r-release-linux-x86_64 | 1.3.3 | 2.52 | 34.27 | 36.79 | NOTE | |
r-release-macos-arm64 | 1.3.3 | NOTE | ||||
r-release-macos-x86_64 | 1.3.3 | NOTE | ||||
r-release-windows-x86_64 | 1.3.3 | 29.00 | 52.00 | 81.00 | NOTE | |
r-oldrel-macos-arm64 | 1.3.3 | NOTE | ||||
r-oldrel-macos-x86_64 | 1.3.3 | NOTE | ||||
r-oldrel-windows-ix86+x86_64 | 1.3.3 | 7.00 | 41.00 | 48.00 | NOTE |
Version: 1.3.3
Check: LazyData
Result: NOTE
'LazyData' is specified without a 'data' directory
Flavors: r-devel-linux-x86_64-debian-clang, r-devel-linux-x86_64-debian-gcc, r-devel-linux-x86_64-fedora-clang, r-devel-linux-x86_64-fedora-gcc, r-patched-linux-x86_64, r-release-linux-x86_64, r-release-macos-arm64, r-release-macos-x86_64, r-release-windows-x86_64, r-oldrel-macos-arm64, r-oldrel-macos-x86_64, r-oldrel-windows-ix86+x86_64