Last updated on 2022-04-24 03:52:25 CEST.
Flavor | Version | Tinstall | Tcheck | Ttotal | Status | Flags |
---|---|---|---|---|---|---|
r-devel-linux-x86_64-debian-clang | 0.1.1 | 6.30 | 69.19 | 75.49 | NOTE | |
r-devel-linux-x86_64-debian-gcc | 0.1.1 | 5.01 | 50.95 | 55.96 | NOTE | |
r-devel-linux-x86_64-fedora-clang | 0.1.1 | 93.51 | NOTE | |||
r-devel-linux-x86_64-fedora-gcc | 0.1.1 | 75.01 | NOTE | |||
r-patched-linux-x86_64 | 0.1.1 | 10.72 | 63.70 | 74.42 | NOTE | |
r-release-linux-x86_64 | 0.1.1 | 5.21 | 59.86 | 65.07 | NOTE | |
r-release-macos-arm64 | 0.1.1 | WARN | ||||
r-release-macos-x86_64 | 0.1.1 | WARN | ||||
r-release-windows-x86_64 | 0.1.1 | 13.00 | 82.00 | 95.00 | NOTE | |
r-oldrel-macos-arm64 | 0.1.1 | WARN | ||||
r-oldrel-macos-x86_64 | 0.1.1 | WARN | ||||
r-oldrel-windows-ix86+x86_64 | 0.1.1 | 16.00 | 74.00 | 90.00 | NOTE |
Version: 0.1.1
Check: LazyData
Result: NOTE
'LazyData' is specified without a 'data' directory
Flavors: r-devel-linux-x86_64-debian-clang, r-devel-linux-x86_64-debian-gcc, r-devel-linux-x86_64-fedora-clang, r-devel-linux-x86_64-fedora-gcc, r-patched-linux-x86_64, r-release-linux-x86_64, r-release-macos-arm64, r-release-macos-x86_64, r-release-windows-x86_64, r-oldrel-macos-arm64, r-oldrel-macos-x86_64, r-oldrel-windows-ix86+x86_64
Version: 0.1.1
Check: dependencies in R code
Result: NOTE
Namespace in Imports field not imported from: ‘ggplot2’
All declared Imports should be used.
Flavors: r-devel-linux-x86_64-fedora-clang, r-devel-linux-x86_64-fedora-gcc, r-release-macos-arm64, r-release-macos-x86_64, r-oldrel-macos-arm64, r-oldrel-macos-x86_64
Version: 0.1.1
Check: re-building of vignette outputs
Result: WARN
Error(s) in re-building vignettes:
...
--- re-building ‘Using_fontHind.Rmd’ using rmarkdown
Quitting from lines 38-49 (Using_fontHind.Rmd)
Error: processing vignette 'Using_fontHind.Rmd' failed with diagnostics:
polygon edge not found
--- failed re-building ‘Using_fontHind.Rmd’
SUMMARY: processing the following file failed:
‘Using_fontHind.Rmd’
Error: Vignette re-building failed.
Execution halted
Flavors: r-release-macos-arm64, r-oldrel-macos-arm64
Version: 0.1.1
Check: re-building of vignette outputs
Result: WARN
Error(s) in re-building vignettes:
...
--- re-building ‘Using_fontHind.Rmd’ using rmarkdown
Warning in engine$weave(file, quiet = quiet, encoding = enc) :
Pandoc (>= 1.12.3) not available. Falling back to R Markdown v1.
Quitting from lines 38-49 (Using_fontHind.Rmd)
Error: processing vignette 'Using_fontHind.Rmd' failed with diagnostics:
polygon edge not found
--- failed re-building ‘Using_fontHind.Rmd’
SUMMARY: processing the following file failed:
‘Using_fontHind.Rmd’
Error: Vignette re-building failed.
Execution halted
Flavors: r-release-macos-x86_64, r-oldrel-macos-x86_64