Last updated on 2022-04-24 03:52:25 CEST.
Flavor | Version | Tinstall | Tcheck | Ttotal | Status | Flags |
---|---|---|---|---|---|---|
r-devel-linux-x86_64-debian-clang | 0.1.0 | 2.18 | 18.55 | 20.73 | NOTE | |
r-devel-linux-x86_64-debian-gcc | 0.1.0 | 1.63 | 14.40 | 16.03 | NOTE | |
r-devel-linux-x86_64-fedora-clang | 0.1.0 | 24.54 | NOTE | |||
r-devel-linux-x86_64-fedora-gcc | 0.1.0 | 14.30 | NOTE | |||
r-patched-linux-x86_64 | 0.1.0 | 1.57 | 18.42 | 19.99 | NOTE | |
r-release-linux-x86_64 | 0.1.0 | 1.63 | 18.00 | 19.63 | NOTE | |
r-release-macos-arm64 | 0.1.0 | NOTE | ||||
r-release-macos-x86_64 | 0.1.0 | NOTE | ||||
r-release-windows-x86_64 | 0.1.0 | 93.00 | 25.00 | 118.00 | NOTE | |
r-oldrel-macos-arm64 | 0.1.0 | NOTE | ||||
r-oldrel-macos-x86_64 | 0.1.0 | NOTE | ||||
r-oldrel-windows-ix86+x86_64 | 0.1.0 | 5.00 | 15.00 | 20.00 | NOTE |
Version: 0.1.0
Check: LazyData
Result: NOTE
'LazyData' is specified without a 'data' directory
Flavors: r-devel-linux-x86_64-debian-clang, r-devel-linux-x86_64-debian-gcc, r-devel-linux-x86_64-fedora-clang, r-devel-linux-x86_64-fedora-gcc, r-patched-linux-x86_64, r-release-linux-x86_64, r-release-macos-arm64, r-release-macos-x86_64, r-release-windows-x86_64, r-oldrel-macos-arm64, r-oldrel-macos-x86_64, r-oldrel-windows-ix86+x86_64
Version: 0.1.0
Check: installed package size
Result: NOTE
installed size is 6.2Mb
sub-directories of 1Mb or more:
fonts 6.1Mb
Flavors: r-devel-linux-x86_64-fedora-clang, r-release-macos-arm64, r-release-macos-x86_64, r-release-windows-x86_64, r-oldrel-macos-arm64, r-oldrel-macos-x86_64, r-oldrel-windows-ix86+x86_64