Last updated on 2022-04-24 03:52:25 CEST.
Flavor | Version | Tinstall | Tcheck | Ttotal | Status | Flags |
---|---|---|---|---|---|---|
r-devel-linux-x86_64-debian-clang | 0.1.0 | 20.18 | 188.98 | 209.16 | OK | |
r-devel-linux-x86_64-debian-gcc | 0.1.0 | 15.00 | 140.46 | 155.46 | OK | |
r-devel-linux-x86_64-fedora-clang | 0.1.0 | 246.39 | NOTE | |||
r-devel-linux-x86_64-fedora-gcc | 0.1.0 | 232.09 | NOTE | |||
r-patched-linux-x86_64 | 0.1.0 | 21.06 | 179.11 | 200.17 | OK | |
r-release-linux-x86_64 | 0.1.0 | 16.39 | 167.21 | 183.60 | OK | |
r-release-macos-arm64 | 0.1.0 | NOTE | ||||
r-release-macos-x86_64 | 0.1.0 | NOTE | ||||
r-release-windows-x86_64 | 0.1.0 | 33.00 | 206.00 | 239.00 | OK | |
r-oldrel-macos-arm64 | 0.1.0 | NOTE | ||||
r-oldrel-macos-x86_64 | 0.1.0 | NOTE | ||||
r-oldrel-windows-ix86+x86_64 | 0.1.0 | 44.00 | 201.00 | 245.00 | OK |
Version: 0.1.0
Check: dependencies in R code
Result: NOTE
Namespace in Imports field not imported from: ‘tidyverse’
All declared Imports should be used.
Flavors: r-devel-linux-x86_64-fedora-clang, r-devel-linux-x86_64-fedora-gcc, r-release-macos-arm64, r-release-macos-x86_64, r-oldrel-macos-arm64, r-oldrel-macos-x86_64