Last updated on 2022-04-24 03:52:25 CEST.
Flavor | Version | Tinstall | Tcheck | Ttotal | Status | Flags |
---|---|---|---|---|---|---|
r-devel-linux-x86_64-debian-clang | 1.0.0 | 1.48 | 31.30 | 32.78 | OK | |
r-devel-linux-x86_64-debian-gcc | 1.0.0 | 1.61 | 24.50 | 26.11 | OK | |
r-devel-linux-x86_64-fedora-clang | 1.0.0 | 41.37 | NOTE | |||
r-devel-linux-x86_64-fedora-gcc | 1.0.0 | 30.43 | NOTE | |||
r-patched-linux-x86_64 | 1.0.0 | 2.12 | 30.68 | 32.80 | OK | |
r-release-linux-x86_64 | 1.0.0 | 1.88 | 30.10 | 31.98 | OK | |
r-release-macos-arm64 | 1.0.0 | NOTE | ||||
r-release-macos-x86_64 | 1.0.0 | NOTE | ||||
r-release-windows-x86_64 | 1.0.0 | 39.00 | 50.00 | 89.00 | OK | |
r-oldrel-macos-arm64 | 1.0.0 | NOTE | ||||
r-oldrel-macos-x86_64 | 1.0.0 | NOTE | ||||
r-oldrel-windows-ix86+x86_64 | 1.0.0 | 5.00 | 27.00 | 32.00 | OK |
Version: 1.0.0
Check: data for non-ASCII characters
Result: NOTE
Note: found 234 marked UTF-8 strings
Flavors: r-devel-linux-x86_64-fedora-clang, r-devel-linux-x86_64-fedora-gcc, r-release-macos-arm64, r-release-macos-x86_64, r-oldrel-macos-arm64, r-oldrel-macos-x86_64