Last updated on 2022-04-24 03:52:25 CEST.
Flavor | Version | Tinstall | Tcheck | Ttotal | Status | Flags |
---|---|---|---|---|---|---|
r-devel-linux-x86_64-debian-clang | 1.0.0 | 46.07 | 289.45 | 335.52 | OK | |
r-devel-linux-x86_64-debian-gcc | 1.0.0 | 34.91 | 208.66 | 243.57 | OK | |
r-devel-linux-x86_64-fedora-clang | 1.0.0 | 429.92 | NOTE | |||
r-devel-linux-x86_64-fedora-gcc | 1.0.0 | 348.93 | NOTE | |||
r-patched-linux-x86_64 | 1.0.0 | 41.80 | 271.40 | 313.20 | OK | |
r-release-linux-x86_64 | 1.0.0 | 35.88 | 244.84 | 280.72 | OK | |
r-release-macos-arm64 | 1.0.0 | NOTE | ||||
r-release-macos-x86_64 | 1.0.0 | NOTE | ||||
r-release-windows-x86_64 | 1.0.0 | 90.00 | 334.00 | 424.00 | OK | |
r-oldrel-macos-arm64 | 1.0.0 | NOTE | ||||
r-oldrel-macos-x86_64 | 1.0.0 | NOTE | ||||
r-oldrel-windows-ix86+x86_64 | 1.0.0 | 98.00 | 380.00 | 478.00 | NOTE |
Version: 1.0.0
Check: dependencies in R code
Result: NOTE
Namespace in Imports field not imported from: ‘RColorBrewer’
All declared Imports should be used.
Flavors: r-devel-linux-x86_64-fedora-clang, r-devel-linux-x86_64-fedora-gcc, r-release-macos-arm64, r-release-macos-x86_64, r-oldrel-macos-arm64, r-oldrel-macos-x86_64
Version: 1.0.0
Check: installed package size
Result: NOTE
installed size is 5.2Mb
sub-directories of 1Mb or more:
doc 1.9Mb
libs 2.0Mb
Flavor: r-oldrel-windows-ix86+x86_64