Last updated on 2022-04-24 03:52:25 CEST.
Flavor | Version | Tinstall | Tcheck | Ttotal | Status | Flags |
---|---|---|---|---|---|---|
r-devel-linux-x86_64-debian-clang | 2.2 | 8.89 | 92.90 | 101.79 | NOTE | |
r-devel-linux-x86_64-debian-gcc | 2.2 | 6.79 | 67.58 | 74.37 | NOTE | |
r-devel-linux-x86_64-fedora-clang | 2.2 | 119.46 | NOTE | |||
r-devel-linux-x86_64-fedora-gcc | 2.2 | 104.77 | NOTE | |||
r-patched-linux-x86_64 | 2.2 | 8.95 | 85.34 | 94.29 | NOTE | |
r-release-linux-x86_64 | 2.2 | 7.21 | 80.75 | 87.96 | NOTE | |
r-release-macos-arm64 | 2.2 | NOTE | ||||
r-release-macos-x86_64 | 2.2 | NOTE | ||||
r-release-windows-x86_64 | 2.2 | 19.00 | 100.00 | 119.00 | NOTE | |
r-oldrel-macos-arm64 | 2.2 | NOTE | ||||
r-oldrel-macos-x86_64 | 2.2 | NOTE | ||||
r-oldrel-windows-ix86+x86_64 | 2.2 | 20.00 | 97.00 | 117.00 | NOTE |
Version: 2.2
Check: DESCRIPTION meta-information
Result: NOTE
BugReports field is not a suitable URL but contains an email address:
use the Contact field instead
Flavors: r-devel-linux-x86_64-debian-clang, r-devel-linux-x86_64-debian-gcc, r-devel-linux-x86_64-fedora-clang, r-devel-linux-x86_64-fedora-gcc, r-patched-linux-x86_64, r-release-linux-x86_64, r-release-macos-arm64, r-release-macos-x86_64, r-release-windows-x86_64, r-oldrel-macos-arm64, r-oldrel-macos-x86_64, r-oldrel-windows-ix86+x86_64