Last updated on 2022-04-24 03:52:25 CEST.
Flavor | Version | Tinstall | Tcheck | Ttotal | Status | Flags |
---|---|---|---|---|---|---|
r-devel-linux-x86_64-debian-clang | 8.16 | 133.76 | 422.50 | 556.26 | OK | |
r-devel-linux-x86_64-debian-gcc | 8.16 | 107.93 | 294.78 | 402.71 | OK | |
r-devel-linux-x86_64-fedora-clang | 8.16 | 726.66 | OK | |||
r-devel-linux-x86_64-fedora-gcc | 8.16 | 721.26 | OK | |||
r-patched-linux-x86_64 | 8.16 | 126.12 | 396.67 | 522.79 | OK | |
r-release-linux-x86_64 | 8.16 | 115.58 | 384.90 | 500.48 | OK | |
r-release-macos-arm64 | 8.16 | NOTE | ||||
r-release-macos-x86_64 | 8.16 | OK | ||||
r-release-windows-x86_64 | 8.16 | 203.00 | 482.00 | 685.00 | OK | |
r-oldrel-macos-arm64 | 8.16 | NOTE | ||||
r-oldrel-macos-x86_64 | 8.16 | OK | ||||
r-oldrel-windows-ix86+x86_64 | 8.16 | 300.00 | 799.00 | 1099.00 | OK |
Version: 8.16
Check: installed package size
Result: NOTE
installed size is 5.9Mb
sub-directories of 1Mb or more:
libs 4.3Mb
Flavors: r-release-macos-arm64, r-oldrel-macos-arm64