Last updated on 2022-04-24 03:52:25 CEST.
Flavor | Version | Tinstall | Tcheck | Ttotal | Status | Flags |
---|---|---|---|---|---|---|
r-devel-linux-x86_64-debian-clang | 5.0.19 | 9.97 | 397.02 | 406.99 | NOTE | |
r-devel-linux-x86_64-debian-gcc | 5.0.19 | 7.34 | 270.18 | 277.52 | NOTE | |
r-devel-linux-x86_64-fedora-clang | 5.0.19 | 445.29 | NOTE | |||
r-devel-linux-x86_64-fedora-gcc | 5.0.19 | 431.38 | NOTE | |||
r-patched-linux-x86_64 | 5.0.19 | 15.36 | 359.16 | 374.52 | NOTE | |
r-release-linux-x86_64 | 5.0.19 | 5.26 | 339.03 | 344.29 | NOTE | |
r-release-macos-arm64 | 5.0.19 | NOTE | ||||
r-release-macos-x86_64 | 5.0.19 | NOTE | ||||
r-release-windows-x86_64 | 5.0.19 | 58.00 | 456.00 | 514.00 | NOTE | |
r-oldrel-macos-arm64 | 5.0.19 | NOTE | ||||
r-oldrel-macos-x86_64 | 5.0.19 | NOTE | ||||
r-oldrel-windows-ix86+x86_64 | 5.0.19 | 22.00 | 481.00 | 503.00 | NOTE |
Version: 5.0.19
Check: LazyData
Result: NOTE
'LazyData' is specified without a 'data' directory
Flavors: r-devel-linux-x86_64-debian-clang, r-devel-linux-x86_64-debian-gcc, r-devel-linux-x86_64-fedora-clang, r-devel-linux-x86_64-fedora-gcc, r-patched-linux-x86_64, r-release-linux-x86_64, r-release-macos-arm64, r-release-macos-x86_64, r-release-windows-x86_64, r-oldrel-macos-arm64, r-oldrel-macos-x86_64, r-oldrel-windows-ix86+x86_64