Last updated on 2022-04-24 03:52:25 CEST.
Flavor | Version | Tinstall | Tcheck | Ttotal | Status | Flags |
---|---|---|---|---|---|---|
r-devel-linux-x86_64-debian-clang | 0.0-5 | 13.53 | 163.74 | 177.27 | OK | |
r-devel-linux-x86_64-debian-gcc | 0.0-5 | 10.50 | 117.45 | 127.95 | OK | |
r-devel-linux-x86_64-fedora-clang | 0.0-5 | 204.02 | NOTE | |||
r-devel-linux-x86_64-fedora-gcc | 0.0-5 | 188.93 | NOTE | |||
r-patched-linux-x86_64 | 0.0-5 | 12.78 | 152.61 | 165.39 | OK | |
r-release-linux-x86_64 | 0.0-5 | 11.43 | 143.22 | 154.65 | OK | |
r-release-macos-arm64 | 0.0-5 | NOTE | ||||
r-release-macos-x86_64 | 0.0-5 | NOTE | ||||
r-release-windows-x86_64 | 0.0-5 | 26.00 | 170.00 | 196.00 | OK | |
r-oldrel-macos-arm64 | 0.0-5 | NOTE | ||||
r-oldrel-macos-x86_64 | 0.0-5 | NOTE | ||||
r-oldrel-windows-ix86+x86_64 | 0.0-5 | 28.00 | 163.00 | 191.00 | OK |
Version: 0.0-5
Check: dependencies in R code
Result: NOTE
Namespace in Imports field not imported from: ‘pkgKitten’
All declared Imports should be used.
Flavors: r-devel-linux-x86_64-fedora-clang, r-devel-linux-x86_64-fedora-gcc, r-release-macos-arm64, r-release-macos-x86_64, r-oldrel-macos-arm64, r-oldrel-macos-x86_64