Last updated on 2022-04-24 03:52:25 CEST.
Flavor | Version | Tinstall | Tcheck | Ttotal | Status | Flags |
---|---|---|---|---|---|---|
r-devel-linux-x86_64-debian-clang | 0.2.0 | 13.49 | 177.29 | 190.78 | OK | |
r-devel-linux-x86_64-debian-gcc | 0.2.0 | 9.53 | 126.33 | 135.86 | OK | |
r-devel-linux-x86_64-fedora-clang | 0.2.0 | 211.55 | NOTE | |||
r-devel-linux-x86_64-fedora-gcc | 0.2.0 | 197.70 | NOTE | |||
r-patched-linux-x86_64 | 0.2.0 | 11.03 | 157.83 | 168.86 | OK | |
r-release-linux-x86_64 | 0.2.0 | 10.96 | 155.17 | 166.13 | OK | |
r-release-macos-arm64 | 0.2.0 | NOTE | ||||
r-release-macos-x86_64 | 0.2.0 | NOTE | ||||
r-release-windows-x86_64 | 0.2.0 | 80.00 | 200.00 | 280.00 | OK | |
r-oldrel-macos-arm64 | 0.2.0 | NOTE | ||||
r-oldrel-macos-x86_64 | 0.2.0 | NOTE | ||||
r-oldrel-windows-ix86+x86_64 | 0.2.0 | 25.00 | 179.00 | 204.00 | OK |
Version: 0.2.0
Check: dependencies in R code
Result: NOTE
Namespaces in Imports field not imported from:
‘blockCV’ ‘patchwork’
All declared Imports should be used.
Flavors: r-devel-linux-x86_64-fedora-clang, r-devel-linux-x86_64-fedora-gcc, r-release-macos-arm64, r-release-macos-x86_64, r-oldrel-macos-arm64, r-oldrel-macos-x86_64