Last updated on 2022-04-24 03:52:25 CEST.
Flavor | Version | Tinstall | Tcheck | Ttotal | Status | Flags |
---|---|---|---|---|---|---|
r-devel-linux-x86_64-debian-clang | 2.0.2 | 4.44 | 49.05 | 53.49 | OK | |
r-devel-linux-x86_64-debian-gcc | 2.0.2 | 3.16 | 36.91 | 40.07 | OK | |
r-devel-linux-x86_64-fedora-clang | 2.0.2 | 63.42 | NOTE | |||
r-devel-linux-x86_64-fedora-gcc | 2.0.2 | 51.01 | NOTE | |||
r-patched-linux-x86_64 | 2.0.2 | 3.98 | 47.11 | 51.09 | OK | |
r-release-linux-x86_64 | 2.0.2 | 4.03 | 46.11 | 50.14 | OK | |
r-release-macos-arm64 | 2.0.2 | NOTE | ||||
r-release-macos-x86_64 | 2.0.2 | NOTE | ||||
r-release-windows-x86_64 | 2.0.2 | 28.00 | 72.00 | 100.00 | OK | |
r-oldrel-macos-arm64 | 2.0.2 | NOTE | ||||
r-oldrel-macos-x86_64 | 2.0.2 | NOTE | ||||
r-oldrel-windows-ix86+x86_64 | 2.0.2 | 9.00 | 56.00 | 65.00 | OK |
Version: 2.0.2
Check: dependencies in R code
Result: NOTE
Namespaces in Imports field not imported from:
‘tibble’ ‘viridis’
All declared Imports should be used.
Flavors: r-devel-linux-x86_64-fedora-clang, r-devel-linux-x86_64-fedora-gcc, r-release-macos-arm64, r-release-macos-x86_64, r-oldrel-macos-arm64, r-oldrel-macos-x86_64