Last updated on 2022-04-24 03:52:26 CEST.
Flavor | Version | Tinstall | Tcheck | Ttotal | Status | Flags |
---|---|---|---|---|---|---|
r-devel-linux-x86_64-debian-clang | 0.2.0 | 4.47 | 54.64 | 59.11 | WARN | |
r-devel-linux-x86_64-debian-gcc | 0.2.0 | 4.39 | 41.17 | 45.56 | OK | |
r-devel-linux-x86_64-fedora-clang | 0.2.0 | 72.29 | OK | |||
r-devel-linux-x86_64-fedora-gcc | 0.2.0 | 60.90 | OK | |||
r-patched-linux-x86_64 | 0.2.0 | 6.85 | 51.81 | 58.66 | OK | |
r-release-linux-x86_64 | 0.2.0 | 3.81 | 49.99 | 53.80 | OK | |
r-release-macos-arm64 | 0.2.0 | OK | ||||
r-release-macos-x86_64 | 0.2.0 | OK | ||||
r-release-windows-x86_64 | 0.2.0 | 92.00 | 81.00 | 173.00 | OK | |
r-oldrel-macos-arm64 | 0.2.0 | OK | ||||
r-oldrel-macos-x86_64 | 0.2.0 | OK | ||||
r-oldrel-windows-ix86+x86_64 | 0.2.0 | 11.00 | 64.00 | 75.00 | OK |
Version: 0.2.0
Check: for code/documentation mismatches
Result: WARN
Codoc mismatches from documentation object 'toString':
\S4method{toString}{MatrixPrintForm}
Code: function(x, widths = NULL, col_gap = 3, linesep = "<U+2014>")
Docs: function(x, widths = NULL, col_gap = 3, linesep = "<U+2014>")
Mismatches in argument default values:
Name: 'linesep' Code: "<U+2014>" Docs: "<U+2014>"
Flavor: r-devel-linux-x86_64-debian-clang