Last updated on 2022-04-24 03:52:26 CEST.
Flavor | Version | Tinstall | Tcheck | Ttotal | Status | Flags |
---|---|---|---|---|---|---|
r-devel-linux-x86_64-debian-clang | 0.2.4 | 79.37 | 92.93 | 172.30 | NOTE | |
r-devel-linux-x86_64-debian-gcc | 0.2.4 | 72.89 | 60.57 | 133.46 | NOTE | |
r-devel-linux-x86_64-fedora-clang | 0.2.4 | 251.82 | NOTE | |||
r-devel-linux-x86_64-fedora-gcc | 0.2.4 | 207.88 | NOTE | |||
r-patched-linux-x86_64 | 0.2.4 | 78.26 | 77.09 | 155.35 | NOTE | |
r-release-linux-x86_64 | 0.2.4 | 77.17 | 77.04 | 154.21 | NOTE | |
r-release-macos-arm64 | 0.2.4 | NOTE | ||||
r-release-macos-x86_64 | 0.2.4 | NOTE | ||||
r-release-windows-x86_64 | 0.2.4 | 82.00 | 160.00 | 242.00 | NOTE | |
r-oldrel-macos-arm64 | 0.2.4 | NOTE | ||||
r-oldrel-macos-x86_64 | 0.2.4 | NOTE | ||||
r-oldrel-windows-ix86+x86_64 | 0.2.4 | 226.00 | 154.00 | 380.00 | NOTE |
Version: 0.2.4
Check: LazyData
Result: NOTE
'LazyData' is specified without a 'data' directory
Flavors: r-devel-linux-x86_64-debian-clang, r-devel-linux-x86_64-debian-gcc, r-devel-linux-x86_64-fedora-clang, r-devel-linux-x86_64-fedora-gcc, r-patched-linux-x86_64, r-release-linux-x86_64, r-release-macos-arm64, r-release-macos-x86_64, r-release-windows-x86_64, r-oldrel-macos-arm64, r-oldrel-macos-x86_64, r-oldrel-windows-ix86+x86_64