Last updated on 2022-04-24 03:52:26 CEST.
Flavor | Version | Tinstall | Tcheck | Ttotal | Status | Flags |
---|---|---|---|---|---|---|
r-devel-linux-x86_64-debian-clang | 0.4.0 | 7.96 | 84.78 | 92.74 | OK | |
r-devel-linux-x86_64-debian-gcc | 0.4.0 | 7.13 | 63.32 | 70.45 | OK | |
r-devel-linux-x86_64-fedora-clang | 0.4.0 | 111.89 | NOTE | |||
r-devel-linux-x86_64-fedora-gcc | 0.4.0 | 96.72 | NOTE | |||
r-patched-linux-x86_64 | 0.4.0 | 8.47 | 81.35 | 89.82 | OK | |
r-release-linux-x86_64 | 0.4.0 | 7.19 | 76.60 | 83.79 | OK | |
r-release-macos-arm64 | 0.4.0 | NOTE | ||||
r-release-macos-x86_64 | 0.4.0 | NOTE | ||||
r-release-windows-x86_64 | 0.4.0 | 20.00 | 100.00 | 120.00 | OK | |
r-oldrel-macos-arm64 | 0.4.0 | NOTE | ||||
r-oldrel-macos-x86_64 | 0.4.0 | NOTE | ||||
r-oldrel-windows-ix86+x86_64 | 0.4.0 | 24.00 | 93.00 | 117.00 | OK |
Version: 0.4.0
Check: dependencies in R code
Result: NOTE
Namespaces in Imports field not imported from:
‘dplyr’ ‘fable’ ‘fabletools’ ‘feasts’ ‘ggplot2’ ‘lubridate’ ‘tibble’
‘tidyr’ ‘tsibble’ ‘tsibbledata’ ‘urca’
All declared Imports should be used.
Flavors: r-devel-linux-x86_64-fedora-clang, r-devel-linux-x86_64-fedora-gcc, r-release-macos-arm64, r-release-macos-x86_64, r-oldrel-macos-arm64, r-oldrel-macos-x86_64