Last updated on 2022-04-24 03:52:26 CEST.
Flavor | Version | Tinstall | Tcheck | Ttotal | Status | Flags |
---|---|---|---|---|---|---|
r-devel-linux-x86_64-debian-clang | 1.0.1 | 38.11 | 162.10 | 200.21 | NOTE | |
r-devel-linux-x86_64-debian-gcc | 1.0.1 | 28.15 | 119.74 | 147.89 | NOTE | |
r-devel-linux-x86_64-fedora-clang | 1.0.1 | 246.30 | NOTE | |||
r-devel-linux-x86_64-fedora-gcc | 1.0.1 | 221.83 | NOTE | |||
r-patched-linux-x86_64 | 1.0.1 | 32.54 | 152.75 | 185.29 | NOTE | |
r-release-linux-x86_64 | 1.0.1 | 30.42 | 143.12 | 173.54 | NOTE | |
r-release-macos-arm64 | 1.0.1 | NOTE | ||||
r-release-macos-x86_64 | 1.0.1 | NOTE | ||||
r-release-windows-x86_64 | 1.0.1 | 54.00 | 209.00 | 263.00 | NOTE | |
r-oldrel-macos-arm64 | 1.0.1 | NOTE | ||||
r-oldrel-macos-x86_64 | 1.0.1 | NOTE | ||||
r-oldrel-windows-ix86+x86_64 | 1.0.1 | 85.00 | 228.00 | 313.00 | NOTE |
Version: 1.0.1
Check: LazyData
Result: NOTE
'LazyData' is specified without a 'data' directory
Flavors: r-devel-linux-x86_64-debian-clang, r-devel-linux-x86_64-debian-gcc, r-devel-linux-x86_64-fedora-clang, r-devel-linux-x86_64-fedora-gcc, r-patched-linux-x86_64, r-release-linux-x86_64, r-release-macos-arm64, r-release-macos-x86_64, r-release-windows-x86_64, r-oldrel-macos-arm64, r-oldrel-macos-x86_64, r-oldrel-windows-ix86+x86_64