Last updated on 2022-04-24 03:52:26 CEST.
Flavor | Version | Tinstall | Tcheck | Ttotal | Status | Flags |
---|---|---|---|---|---|---|
r-devel-linux-x86_64-debian-clang | 3.5.0 | 240.85 | 326.27 | 567.12 | OK | |
r-devel-linux-x86_64-debian-gcc | 3.5.0 | 231.97 | 231.27 | 463.24 | OK | |
r-devel-linux-x86_64-fedora-clang | 3.5.0 | 747.07 | NOTE | |||
r-devel-linux-x86_64-fedora-gcc | 3.5.0 | 720.26 | OK | |||
r-patched-linux-x86_64 | 3.5.0 | 233.56 | 308.08 | 541.64 | OK | |
r-release-linux-x86_64 | 3.5.0 | 232.00 | 287.81 | 519.81 | OK | |
r-release-macos-arm64 | 3.5.0 | NOTE | ||||
r-release-macos-x86_64 | 3.5.0 | NOTE | ||||
r-release-windows-x86_64 | 3.5.0 | 385.00 | 316.00 | 701.00 | NOTE | |
r-oldrel-macos-arm64 | 3.5.0 | NOTE | ||||
r-oldrel-macos-x86_64 | 3.5.0 | NOTE | ||||
r-oldrel-windows-ix86+x86_64 | 3.5.0 | 586.00 | 375.00 | 961.00 | NOTE |
Version: 3.5.0
Check: installed package size
Result: NOTE
installed size is 10.9Mb
sub-directories of 1Mb or more:
R 1.2Mb
help 2.2Mb
libs 6.4Mb
Flavors: r-devel-linux-x86_64-fedora-clang, r-release-macos-arm64, r-release-macos-x86_64, r-release-windows-x86_64, r-oldrel-macos-arm64, r-oldrel-macos-x86_64, r-oldrel-windows-ix86+x86_64