Last updated on 2022-04-24 03:52:26 CEST.
Flavor | Version | Tinstall | Tcheck | Ttotal | Status | Flags |
---|---|---|---|---|---|---|
r-devel-linux-x86_64-debian-clang | 2.1.0 | 4.82 | 68.02 | 72.84 | OK | |
r-devel-linux-x86_64-debian-gcc | 2.1.0 | 3.34 | 52.23 | 55.57 | OK | |
r-devel-linux-x86_64-fedora-clang | 2.1.0 | 87.38 | NOTE | |||
r-devel-linux-x86_64-fedora-gcc | 2.1.0 | 74.35 | NOTE | |||
r-patched-linux-x86_64 | 2.1.0 | 5.67 | 64.25 | 69.92 | OK | |
r-release-linux-x86_64 | 2.1.0 | 4.39 | 57.70 | 62.09 | OK | |
r-release-macos-arm64 | 2.1.0 | NOTE | ||||
r-release-macos-x86_64 | 2.1.0 | NOTE | ||||
r-release-windows-x86_64 | 2.1.0 | 40.00 | 117.00 | 157.00 | OK | |
r-oldrel-macos-arm64 | 2.1.0 | NOTE | ||||
r-oldrel-macos-x86_64 | 2.1.0 | NOTE | ||||
r-oldrel-windows-ix86+x86_64 | 2.1.0 | 9.00 | 73.00 | 82.00 | OK |
Version: 2.1.0
Check: data for non-ASCII characters
Result: NOTE
Note: found 1 marked UTF-8 string
Flavors: r-devel-linux-x86_64-fedora-clang, r-devel-linux-x86_64-fedora-gcc, r-release-macos-arm64, r-release-macos-x86_64, r-oldrel-macos-arm64, r-oldrel-macos-x86_64