Last updated on 2022-04-24 03:52:26 CEST.
Flavor | Version | Tinstall | Tcheck | Ttotal | Status | Flags |
---|---|---|---|---|---|---|
r-devel-linux-x86_64-debian-clang | 0.1.0 | 3.27 | 40.30 | 43.57 | NOTE | |
r-devel-linux-x86_64-debian-gcc | 0.1.0 | 2.43 | 30.84 | 33.27 | NOTE | |
r-devel-linux-x86_64-fedora-clang | 0.1.0 | 51.90 | NOTE | |||
r-devel-linux-x86_64-fedora-gcc | 0.1.0 | 39.78 | NOTE | |||
r-patched-linux-x86_64 | 0.1.0 | 3.23 | 38.07 | 41.30 | NOTE | |
r-release-linux-x86_64 | 0.1.0 | 1.93 | 37.80 | 39.73 | NOTE | |
r-release-macos-arm64 | 0.1.0 | NOTE | ||||
r-release-macos-x86_64 | 0.1.0 | NOTE | ||||
r-release-windows-x86_64 | 0.1.0 | 17.00 | 56.00 | 73.00 | NOTE | |
r-oldrel-macos-arm64 | 0.1.0 | NOTE | ||||
r-oldrel-macos-x86_64 | 0.1.0 | NOTE | ||||
r-oldrel-windows-ix86+x86_64 | 0.1.0 | 7.00 | 49.00 | 56.00 | NOTE |
Version: 0.1.0
Check: LazyData
Result: NOTE
'LazyData' is specified without a 'data' directory
Flavors: r-devel-linux-x86_64-debian-clang, r-devel-linux-x86_64-debian-gcc, r-devel-linux-x86_64-fedora-clang, r-devel-linux-x86_64-fedora-gcc, r-patched-linux-x86_64, r-release-linux-x86_64, r-release-macos-arm64, r-release-macos-x86_64, r-release-windows-x86_64, r-oldrel-macos-arm64, r-oldrel-macos-x86_64, r-oldrel-windows-ix86+x86_64