Last updated on 2022-04-24 03:52:26 CEST.
Flavor | Version | Tinstall | Tcheck | Ttotal | Status | Flags |
---|---|---|---|---|---|---|
r-devel-linux-x86_64-debian-clang | 0.1 | 2.03 | 28.60 | 30.63 | NOTE | |
r-devel-linux-x86_64-debian-gcc | 0.1 | 1.35 | 22.09 | 23.44 | NOTE | |
r-devel-linux-x86_64-fedora-clang | 0.1 | 37.29 | NOTE | |||
r-devel-linux-x86_64-fedora-gcc | 0.1 | 25.80 | NOTE | |||
r-patched-linux-x86_64 | 0.1 | 1.81 | 28.15 | 29.96 | NOTE | |
r-release-linux-x86_64 | 0.1 | 1.63 | 27.28 | 28.91 | NOTE | |
r-release-macos-arm64 | 0.1 | NOTE | ||||
r-release-macos-x86_64 | 0.1 | NOTE | ||||
r-release-windows-x86_64 | 0.1 | 11.00 | 40.00 | 51.00 | NOTE | |
r-oldrel-macos-arm64 | 0.1 | NOTE | ||||
r-oldrel-macos-x86_64 | 0.1 | NOTE | ||||
r-oldrel-windows-ix86+x86_64 | 0.1 | 4.00 | 23.00 | 27.00 | NOTE |
Version: 0.1
Check: LazyData
Result: NOTE
'LazyData' is specified without a 'data' directory
Flavors: r-devel-linux-x86_64-debian-clang, r-devel-linux-x86_64-debian-gcc, r-devel-linux-x86_64-fedora-clang, r-devel-linux-x86_64-fedora-gcc, r-patched-linux-x86_64, r-release-linux-x86_64, r-release-macos-arm64, r-release-macos-x86_64, r-release-windows-x86_64, r-oldrel-macos-arm64, r-oldrel-macos-x86_64, r-oldrel-windows-ix86+x86_64