Last updated on 2022-04-24 03:52:26 CEST.
Flavor | Version | Tinstall | Tcheck | Ttotal | Status | Flags |
---|---|---|---|---|---|---|
r-devel-linux-x86_64-debian-clang | 1.0.0 | 2.49 | 62.59 | 65.08 | OK | |
r-devel-linux-x86_64-debian-gcc | 1.0.0 | 2.19 | 47.40 | 49.59 | OK | |
r-devel-linux-x86_64-fedora-clang | 1.0.0 | 70.56 | ERROR | |||
r-devel-linux-x86_64-fedora-gcc | 1.0.0 | 56.59 | ERROR | |||
r-patched-linux-x86_64 | 1.0.0 | 3.11 | 60.31 | 63.42 | OK | |
r-release-linux-x86_64 | 1.0.0 | 2.49 | 58.83 | 61.32 | OK | |
r-release-macos-arm64 | 1.0.0 | OK | ||||
r-release-macos-x86_64 | 1.0.0 | OK | ||||
r-release-windows-x86_64 | 1.0.0 | 45.00 | 97.00 | 142.00 | OK | |
r-oldrel-macos-arm64 | 1.0.0 | OK | ||||
r-oldrel-macos-x86_64 | 1.0.0 | OK | ||||
r-oldrel-windows-ix86+x86_64 | 1.0.0 | 6.00 | 85.00 | 91.00 | OK |
Version: 1.0.0
Check: re-building of vignette outputs
Result: ERROR
Error(s) in re-building vignettes:
--- re-building ‘frictionless.Rmd’ using rmarkdown
Quitting from lines 36-37 (frictionless.Rmd)
Error: processing vignette 'frictionless.Rmd' failed with diagnostics:
HTTP error 504.
--- failed re-building ‘frictionless.Rmd’
SUMMARY: processing the following file failed:
‘frictionless.Rmd’
Error: Vignette re-building failed.
Execution halted
Flavor: r-devel-linux-x86_64-fedora-clang
Version: 1.0.0
Check: re-building of vignette outputs
Result: ERROR
Error(s) in re-building vignettes:
--- re-building ‘frictionless.Rmd’ using rmarkdown
Quitting from lines 54-56 (frictionless.Rmd)
Error: processing vignette 'frictionless.Rmd' failed with diagnostics:
Can't find file at `https://zenodo.org/record/5879096/files/O_WESTERSCHELDE-gps-2019.csv.gz`.
--- failed re-building ‘frictionless.Rmd’
SUMMARY: processing the following file failed:
‘frictionless.Rmd’
Error: Vignette re-building failed.
Execution halted
Flavor: r-devel-linux-x86_64-fedora-gcc