Last updated on 2022-04-24 03:52:26 CEST.
Flavor | Version | Tinstall | Tcheck | Ttotal | Status | Flags |
---|---|---|---|---|---|---|
r-devel-linux-x86_64-debian-clang | 1.1.3 | 2.36 | 36.50 | 38.86 | OK | |
r-devel-linux-x86_64-debian-gcc | 1.1.3 | 2.63 | 27.42 | 30.05 | OK | |
r-devel-linux-x86_64-fedora-clang | 1.1.3 | 47.30 | NOTE | |||
r-devel-linux-x86_64-fedora-gcc | 1.1.3 | 35.43 | OK | |||
r-patched-linux-x86_64 | 1.1.3 | 3.11 | 34.80 | 37.91 | OK | |
r-release-linux-x86_64 | 1.1.3 | 3.37 | 34.41 | 37.78 | OK | |
r-release-macos-arm64 | 1.1.3 | OK | ||||
r-release-macos-x86_64 | 1.1.3 | OK | ||||
r-release-windows-x86_64 | 1.1.3 | 11.00 | 53.00 | 64.00 | OK | |
r-oldrel-macos-arm64 | 1.1.3 | OK | ||||
r-oldrel-macos-x86_64 | 1.1.3 | OK | ||||
r-oldrel-windows-ix86+x86_64 | 1.1.3 | 7.00 | 30.00 | 37.00 | OK |
Version: 1.1.3
Check: Rd cross-references
Result: NOTE
Undeclared packages ‘frm’, ‘frmpd’ in Rd xrefs
Flavor: r-devel-linux-x86_64-fedora-clang