Last updated on 2022-04-24 03:52:26 CEST.
Flavor | Version | Tinstall | Tcheck | Ttotal | Status | Flags |
---|---|---|---|---|---|---|
r-devel-linux-x86_64-debian-clang | 1.1.0 | 3.80 | 39.26 | 43.06 | OK | |
r-devel-linux-x86_64-debian-gcc | 1.1.0 | 2.19 | 28.60 | 30.79 | OK | |
r-devel-linux-x86_64-fedora-clang | 1.1.0 | 49.43 | NOTE | |||
r-devel-linux-x86_64-fedora-gcc | 1.1.0 | 38.11 | OK | |||
r-patched-linux-x86_64 | 1.1.0 | 3.09 | 37.10 | 40.19 | OK | |
r-release-linux-x86_64 | 1.1.0 | 2.49 | 36.09 | 38.58 | OK | |
r-release-macos-arm64 | 1.1.0 | OK | ||||
r-release-macos-x86_64 | 1.1.0 | OK | ||||
r-release-windows-x86_64 | 1.1.0 | 10.00 | 55.00 | 65.00 | OK | |
r-oldrel-macos-arm64 | 1.1.0 | OK | ||||
r-oldrel-macos-x86_64 | 1.1.0 | OK | ||||
r-oldrel-windows-ix86+x86_64 | 1.1.0 | 7.00 | 29.00 | 36.00 | OK |
Version: 1.1.0
Check: Rd cross-references
Result: NOTE
Undeclared packages ‘frm’, ‘frmhet’ in Rd xrefs
Flavor: r-devel-linux-x86_64-fedora-clang