Last updated on 2022-04-24 03:52:26 CEST.
Flavor | Version | Tinstall | Tcheck | Ttotal | Status | Flags |
---|---|---|---|---|---|---|
r-devel-linux-x86_64-debian-clang | 0.1-5 | 6.27 | 52.30 | 58.57 | NOTE | |
r-devel-linux-x86_64-debian-gcc | 0.1-5 | 4.54 | 40.30 | 44.84 | NOTE | |
r-devel-linux-x86_64-fedora-clang | 0.1-5 | 69.50 | NOTE | |||
r-devel-linux-x86_64-fedora-gcc | 0.1-5 | 58.29 | NOTE | |||
r-patched-linux-x86_64 | 0.1-5 | 6.21 | 50.24 | 56.45 | NOTE | |
r-release-linux-x86_64 | 0.1-5 | 5.38 | 48.63 | 54.01 | NOTE | |
r-release-macos-arm64 | 0.1-5 | NOTE | ||||
r-release-macos-x86_64 | 0.1-5 | NOTE | ||||
r-release-windows-x86_64 | 0.1-5 | 10.00 | 74.00 | 84.00 | NOTE | |
r-oldrel-macos-arm64 | 0.1-5 | NOTE | ||||
r-oldrel-macos-x86_64 | 0.1-5 | NOTE | ||||
r-oldrel-windows-ix86+x86_64 | 0.1-5 | 11.00 | 60.00 | 71.00 | NOTE |
Version: 0.1-5
Check: dependencies in R code
Result: NOTE
Packages in Depends field not imported from:
'Rmpfr' 'partitions'
These packages need to be imported from (in the NAMESPACE file)
for when this namespace is loaded but not attached.
Flavors: r-devel-linux-x86_64-debian-clang, r-devel-linux-x86_64-debian-gcc, r-devel-linux-x86_64-fedora-clang, r-devel-linux-x86_64-fedora-gcc, r-patched-linux-x86_64, r-release-linux-x86_64, r-release-macos-arm64, r-release-macos-x86_64, r-release-windows-x86_64, r-oldrel-macos-arm64, r-oldrel-macos-x86_64, r-oldrel-windows-ix86+x86_64
Version: 0.1-5
Check: R code for possible problems
Result: NOTE
Bell : nways: no visible global function definition for 'setparts'
Bell: no visible global function definition for 'restrictedparts'
CalIncLapInt : Deriv: no visible global function definition for 'D'
CalIncLapInt: no visible global function definition for 'is.whole'
CalIncLapInt: no visible global function definition for 'mpfr'
CalIncLapInt: no visible global function definition for 'chooseMpfr'
derivErfc : Deriv: no visible global function definition for 'D'
derivErfc : Erfc: no visible global function definition for 'pnorm'
Undefined global functions or variables:
D chooseMpfr is.whole mpfr pnorm restrictedparts setparts
Consider adding
importFrom("stats", "D", "pnorm")
to your NAMESPACE file.
Flavors: r-devel-linux-x86_64-debian-clang, r-devel-linux-x86_64-debian-gcc, r-devel-linux-x86_64-fedora-clang, r-devel-linux-x86_64-fedora-gcc, r-patched-linux-x86_64, r-release-linux-x86_64, r-release-macos-arm64, r-release-macos-x86_64, r-release-windows-x86_64, r-oldrel-macos-arm64, r-oldrel-macos-x86_64, r-oldrel-windows-ix86+x86_64