Last updated on 2022-04-24 03:52:26 CEST.
Flavor | Version | Tinstall | Tcheck | Ttotal | Status | Flags |
---|---|---|---|---|---|---|
r-devel-linux-x86_64-debian-clang | 0.2.1 | 378.54 | 61.22 | 439.76 | OK | |
r-devel-linux-x86_64-debian-gcc | 0.2.1 | 290.04 | 51.93 | 341.97 | OK | |
r-devel-linux-x86_64-fedora-clang | 0.2.1 | 675.51 | NOTE | |||
r-devel-linux-x86_64-fedora-gcc | 0.2.1 | 528.50 | OK | |||
r-patched-linux-x86_64 | 0.2.1 | 285.35 | 65.51 | 350.86 | OK | |
r-release-linux-x86_64 | 0.2.1 | 279.80 | 60.50 | 340.30 | OK | |
r-release-macos-arm64 | 0.2.1 | NOTE | ||||
r-release-macos-x86_64 | 0.2.1 | NOTE | ||||
r-release-windows-x86_64 | 0.2.1 | 181.00 | 137.00 | 318.00 | OK | |
r-oldrel-macos-arm64 | 0.2.1 | NOTE | ||||
r-oldrel-macos-x86_64 | 0.2.1 | NOTE | ||||
r-oldrel-windows-ix86+x86_64 | 0.2.1 | 630.00 | 138.00 | 768.00 | NOTE |
Version: 0.2.1
Check: installed package size
Result: NOTE
installed size is 30.3Mb
sub-directories of 1Mb or more:
libs 29.8Mb
Flavors: r-devel-linux-x86_64-fedora-clang, r-release-macos-arm64, r-release-macos-x86_64, r-oldrel-macos-arm64, r-oldrel-macos-x86_64, r-oldrel-windows-ix86+x86_64