Last updated on 2022-04-24 03:52:26 CEST.
Flavor | Version | Tinstall | Tcheck | Ttotal | Status | Flags |
---|---|---|---|---|---|---|
r-devel-linux-x86_64-debian-clang | 0.4.4 | 13.64 | 155.72 | 169.36 | OK | |
r-devel-linux-x86_64-debian-gcc | 0.4.4 | 10.82 | 112.90 | 123.72 | OK | |
r-devel-linux-x86_64-fedora-clang | 0.4.4 | 193.67 | NOTE | |||
r-devel-linux-x86_64-fedora-gcc | 0.4.4 | 178.21 | OK | |||
r-patched-linux-x86_64 | 0.4.4 | 9.53 | 143.02 | 152.55 | OK | |
r-release-linux-x86_64 | 0.4.4 | 8.04 | 137.03 | 145.07 | OK | |
r-release-macos-arm64 | 0.4.4 | OK | ||||
r-release-macos-x86_64 | 0.4.4 | OK | ||||
r-release-windows-x86_64 | 0.4.4 | 70.00 | 162.00 | 232.00 | OK | |
r-oldrel-macos-arm64 | 0.4.4 | OK | ||||
r-oldrel-macos-x86_64 | 0.4.4 | OK | ||||
r-oldrel-windows-ix86+x86_64 | 0.4.4 | 26.00 | 159.00 | 185.00 | OK |
Version: 0.4.4
Check: Rd cross-references
Result: NOTE
Undeclared package ‘chillR’ in Rd xrefs
Flavor: r-devel-linux-x86_64-fedora-clang