Last updated on 2022-04-24 03:52:26 CEST.
Flavor | Version | Tinstall | Tcheck | Ttotal | Status | Flags |
---|---|---|---|---|---|---|
r-devel-linux-x86_64-debian-clang | 1.5.2 | 64.04 | 56.56 | 120.60 | NOTE | |
r-devel-linux-x86_64-debian-gcc | 1.5.2 | 45.62 | 48.31 | 93.93 | NOTE | |
r-devel-linux-x86_64-fedora-clang | 1.5.2 | 180.45 | NOTE | |||
r-devel-linux-x86_64-fedora-gcc | 1.5.2 | 161.55 | NOTE | |||
r-patched-linux-x86_64 | 1.5.2 | 54.60 | 60.29 | 114.89 | NOTE | |
r-release-linux-x86_64 | 1.5.2 | 53.24 | 58.48 | 111.72 | NOTE | |
r-release-macos-arm64 | 1.5.2 | NOTE | ||||
r-release-macos-x86_64 | 1.5.2 | NOTE | ||||
r-release-windows-x86_64 | 1.5.2 | 158.00 | 89.00 | 247.00 | NOTE | |
r-oldrel-macos-arm64 | 1.5.2 | NOTE | ||||
r-oldrel-macos-x86_64 | 1.5.2 | NOTE | ||||
r-oldrel-windows-ix86+x86_64 | 1.5.2 | 155.00 | 90.00 | 245.00 | NOTE |
Version: 1.5.2
Check: for GNU extensions in Makefiles
Result: NOTE
GNU make is a SystemRequirements.
Flavors: r-devel-linux-x86_64-debian-clang, r-devel-linux-x86_64-debian-gcc, r-devel-linux-x86_64-fedora-clang, r-devel-linux-x86_64-fedora-gcc, r-patched-linux-x86_64, r-release-linux-x86_64, r-release-macos-arm64, r-release-macos-x86_64, r-release-windows-x86_64, r-oldrel-macos-arm64, r-oldrel-macos-x86_64, r-oldrel-windows-ix86+x86_64