Last updated on 2022-04-24 03:52:26 CEST.
Flavor | Version | Tinstall | Tcheck | Ttotal | Status | Flags |
---|---|---|---|---|---|---|
r-devel-linux-x86_64-debian-clang | 1.0 | 2.02 | 31.41 | 33.43 | OK | |
r-devel-linux-x86_64-debian-gcc | 1.0 | 1.70 | 23.89 | 25.59 | OK | |
r-devel-linux-x86_64-fedora-clang | 1.0 | 40.43 | NOTE | |||
r-devel-linux-x86_64-fedora-gcc | 1.0 | 28.85 | NOTE | |||
r-patched-linux-x86_64 | 1.0 | 2.04 | 30.49 | 32.53 | OK | |
r-release-linux-x86_64 | 1.0 | 1.95 | 29.03 | 30.98 | OK | |
r-release-macos-arm64 | 1.0 | NOTE | ||||
r-release-macos-x86_64 | 1.0 | NOTE | ||||
r-release-windows-x86_64 | 1.0 | 9.00 | 46.00 | 55.00 | OK | |
r-oldrel-macos-arm64 | 1.0 | NOTE | ||||
r-oldrel-macos-x86_64 | 1.0 | NOTE | ||||
r-oldrel-windows-ix86+x86_64 | 1.0 | 5.00 | 36.00 | 41.00 | OK |
Version: 1.0
Check: data for non-ASCII characters
Result: NOTE
Note: found 39 marked UTF-8 strings
Flavors: r-devel-linux-x86_64-fedora-clang, r-devel-linux-x86_64-fedora-gcc, r-release-macos-arm64, r-release-macos-x86_64, r-oldrel-macos-arm64, r-oldrel-macos-x86_64