Last updated on 2022-04-24 03:52:26 CEST.
Flavor | Version | Tinstall | Tcheck | Ttotal | Status | Flags |
---|---|---|---|---|---|---|
r-devel-linux-x86_64-debian-clang | 1.2.0 | 3.35 | 36.69 | 40.04 | NOTE | |
r-devel-linux-x86_64-debian-gcc | 1.2.0 | 2.31 | 28.15 | 30.46 | NOTE | |
r-devel-linux-x86_64-fedora-clang | 1.2.0 | 48.18 | NOTE | |||
r-devel-linux-x86_64-fedora-gcc | 1.2.0 | 36.33 | NOTE | |||
r-patched-linux-x86_64 | 1.2.0 | 3.63 | 34.61 | 38.24 | NOTE | |
r-release-linux-x86_64 | 1.2.0 | 3.29 | 35.08 | 38.37 | NOTE | |
r-release-macos-arm64 | 1.2.0 | NOTE | ||||
r-release-macos-x86_64 | 1.2.0 | NOTE | ||||
r-release-windows-x86_64 | 1.2.0 | 19.00 | 54.00 | 73.00 | NOTE | |
r-oldrel-macos-arm64 | 1.2.0 | NOTE | ||||
r-oldrel-macos-x86_64 | 1.2.0 | NOTE | ||||
r-oldrel-windows-ix86+x86_64 | 1.2.0 | 7.00 | 33.00 | 40.00 | NOTE |
Version: 1.2.0
Check: LazyData
Result: NOTE
'LazyData' is specified without a 'data' directory
Flavors: r-devel-linux-x86_64-debian-clang, r-devel-linux-x86_64-debian-gcc, r-devel-linux-x86_64-fedora-clang, r-devel-linux-x86_64-fedora-gcc, r-patched-linux-x86_64, r-release-linux-x86_64, r-release-macos-arm64, r-release-macos-x86_64, r-release-windows-x86_64, r-oldrel-macos-arm64, r-oldrel-macos-x86_64, r-oldrel-windows-ix86+x86_64