Last updated on 2022-04-24 03:52:26 CEST.
Flavor | Version | Tinstall | Tcheck | Ttotal | Status | Flags |
---|---|---|---|---|---|---|
r-devel-linux-x86_64-debian-clang | 0.6 | 2.00 | 30.52 | 32.52 | NOTE | |
r-devel-linux-x86_64-debian-gcc | 0.6 | 1.18 | 22.83 | 24.01 | NOTE | |
r-devel-linux-x86_64-fedora-clang | 0.6 | 38.67 | NOTE | |||
r-devel-linux-x86_64-fedora-gcc | 0.6 | 27.62 | NOTE | |||
r-patched-linux-x86_64 | 0.6 | 1.41 | 28.37 | 29.78 | NOTE | |
r-release-linux-x86_64 | 0.6 | 1.70 | 28.67 | 30.37 | NOTE | |
r-release-macos-arm64 | 0.6 | NOTE | ||||
r-release-macos-x86_64 | 0.6 | NOTE | ||||
r-release-windows-x86_64 | 0.6 | 17.00 | 42.00 | 59.00 | NOTE | |
r-oldrel-macos-arm64 | 0.6 | NOTE | ||||
r-oldrel-macos-x86_64 | 0.6 | NOTE | ||||
r-oldrel-windows-ix86+x86_64 | 0.6 | 4.00 | 24.00 | 28.00 | NOTE |
Version: 0.6
Check: DESCRIPTION meta-information
Result: NOTE
Malformed Description field: should contain one or more complete sentences.
Flavors: r-devel-linux-x86_64-debian-clang, r-devel-linux-x86_64-debian-gcc, r-devel-linux-x86_64-fedora-clang, r-devel-linux-x86_64-fedora-gcc, r-patched-linux-x86_64, r-release-linux-x86_64, r-release-macos-arm64, r-release-macos-x86_64, r-release-windows-x86_64, r-oldrel-macos-arm64, r-oldrel-macos-x86_64, r-oldrel-windows-ix86+x86_64