Last updated on 2022-04-24 03:52:26 CEST.
Flavor | Version | Tinstall | Tcheck | Ttotal | Status | Flags |
---|---|---|---|---|---|---|
r-devel-linux-x86_64-debian-clang | 0.2.1 | 9.26 | 105.57 | 114.83 | OK | |
r-devel-linux-x86_64-debian-gcc | 0.2.1 | 6.39 | 79.83 | 86.22 | OK | |
r-devel-linux-x86_64-fedora-clang | 0.2.1 | 144.04 | NOTE | |||
r-devel-linux-x86_64-fedora-gcc | 0.2.1 | 136.61 | OK | |||
r-patched-linux-x86_64 | 0.2.1 | 9.43 | 100.70 | 110.13 | OK | |
r-release-linux-x86_64 | 0.2.1 | 6.23 | 96.90 | 103.13 | OK | |
r-release-macos-arm64 | 0.2.1 | OK | ||||
r-release-macos-x86_64 | 0.2.1 | OK | ||||
r-release-windows-x86_64 | 0.2.1 | 43.00 | 138.00 | 181.00 | OK | |
r-oldrel-macos-arm64 | 0.2.1 | OK | ||||
r-oldrel-macos-x86_64 | 0.2.1 | OK | ||||
r-oldrel-windows-ix86+x86_64 | 0.2.1 | 20.00 | 122.00 | 142.00 | OK |
Version: 0.2.1
Check: Rd cross-references
Result: NOTE
Undeclared package ‘future’ in Rd xrefs
Flavor: r-devel-linux-x86_64-fedora-clang