Last updated on 2022-04-24 03:52:26 CEST.
Flavor | Version | Tinstall | Tcheck | Ttotal | Status | Flags |
---|---|---|---|---|---|---|
r-devel-linux-x86_64-debian-clang | 2.0 | 16.26 | 170.63 | 186.89 | NOTE | |
r-devel-linux-x86_64-debian-gcc | 2.0 | 14.59 | 119.13 | 133.72 | NOTE | |
r-devel-linux-x86_64-fedora-clang | 2.0 | 207.37 | NOTE | |||
r-devel-linux-x86_64-fedora-gcc | 2.0 | 218.23 | NOTE | |||
r-patched-linux-x86_64 | 2.0 | 19.16 | 156.35 | 175.51 | OK | |
r-release-linux-x86_64 | 2.0 | 18.61 | 154.19 | 172.80 | OK | |
r-release-macos-arm64 | 2.0 | OK | ||||
r-release-macos-x86_64 | 2.0 | OK | ||||
r-release-windows-x86_64 | 2.0 | 66.00 | 193.00 | 259.00 | OK | |
r-oldrel-macos-arm64 | 2.0 | OK | ||||
r-oldrel-macos-x86_64 | 2.0 | OK | ||||
r-oldrel-windows-ix86+x86_64 | 2.0 | 27.00 | 192.00 | 219.00 | OK |
Version: 2.0
Check: Rd files
Result: NOTE
checkRd: (7) file 'normF.Rd': \item in \value must have non-empty label
checkRd: (7) file 'r2d.Rd': \item in \value must have non-empty label
Flavors: r-devel-linux-x86_64-debian-clang, r-devel-linux-x86_64-debian-gcc, r-devel-linux-x86_64-fedora-clang, r-devel-linux-x86_64-fedora-gcc