Last updated on 2022-04-24 03:52:26 CEST.
Flavor | Version | Tinstall | Tcheck | Ttotal | Status | Flags |
---|---|---|---|---|---|---|
r-devel-linux-x86_64-debian-clang | 0.1.0 | 4.99 | 69.05 | 74.04 | NOTE | |
r-devel-linux-x86_64-debian-gcc | 0.1.0 | 3.60 | 51.86 | 55.46 | NOTE | |
r-devel-linux-x86_64-fedora-clang | 0.1.0 | 88.26 | NOTE | |||
r-devel-linux-x86_64-fedora-gcc | 0.1.0 | 74.44 | NOTE | |||
r-patched-linux-x86_64 | 0.1.0 | 5.61 | 63.52 | 69.13 | NOTE | |
r-release-linux-x86_64 | 0.1.0 | 4.09 | 61.06 | 65.15 | NOTE | |
r-release-macos-arm64 | 0.1.0 | NOTE | ||||
r-release-macos-x86_64 | 0.1.0 | NOTE | ||||
r-release-windows-x86_64 | 0.1.0 | 12.00 | 87.00 | 99.00 | NOTE | |
r-oldrel-macos-arm64 | 0.1.0 | NOTE | ||||
r-oldrel-macos-x86_64 | 0.1.0 | NOTE | ||||
r-oldrel-windows-ix86+x86_64 | 0.1.0 | 14.00 | 73.00 | 87.00 | NOTE |
Version: 0.1.0
Check: LazyData
Result: NOTE
'LazyData' is specified without a 'data' directory
Flavors: r-devel-linux-x86_64-debian-clang, r-devel-linux-x86_64-debian-gcc, r-devel-linux-x86_64-fedora-clang, r-devel-linux-x86_64-fedora-gcc, r-patched-linux-x86_64, r-release-linux-x86_64, r-release-macos-arm64, r-release-macos-x86_64, r-release-windows-x86_64, r-oldrel-macos-arm64, r-oldrel-macos-x86_64, r-oldrel-windows-ix86+x86_64