Last updated on 2022-04-24 03:52:26 CEST.
Flavor | Version | Tinstall | Tcheck | Ttotal | Status | Flags |
---|---|---|---|---|---|---|
r-devel-linux-x86_64-debian-clang | 0.1.0 | 6.13 | 82.32 | 88.45 | OK | |
r-devel-linux-x86_64-debian-gcc | 0.1.0 | 4.51 | 60.33 | 64.84 | OK | |
r-devel-linux-x86_64-fedora-clang | 0.1.0 | 107.10 | NOTE | |||
r-devel-linux-x86_64-fedora-gcc | 0.1.0 | 88.71 | NOTE | |||
r-patched-linux-x86_64 | 0.1.0 | 4.12 | 76.23 | 80.35 | OK | |
r-release-linux-x86_64 | 0.1.0 | 3.33 | 73.14 | 76.47 | OK | |
r-release-macos-arm64 | 0.1.0 | NOTE | ||||
r-release-macos-x86_64 | 0.1.0 | NOTE | ||||
r-release-windows-x86_64 | 0.1.0 | 27.00 | 96.00 | 123.00 | OK | |
r-oldrel-macos-arm64 | 0.1.0 | NOTE | ||||
r-oldrel-macos-x86_64 | 0.1.0 | NOTE | ||||
r-oldrel-windows-ix86+x86_64 | 0.1.0 | 14.00 | 90.00 | 104.00 | OK |
Version: 0.1.0
Check: dependencies in R code
Result: NOTE
Namespace in Imports field not imported from: ‘tibble’
All declared Imports should be used.
Flavors: r-devel-linux-x86_64-fedora-clang, r-devel-linux-x86_64-fedora-gcc, r-release-macos-arm64, r-release-macos-x86_64, r-oldrel-macos-arm64, r-oldrel-macos-x86_64