Last updated on 2022-04-24 03:52:26 CEST.
Flavor | Version | Tinstall | Tcheck | Ttotal | Status | Flags |
---|---|---|---|---|---|---|
r-devel-linux-x86_64-debian-clang | 8.2 | 5.76 | 211.94 | 217.70 | OK | |
r-devel-linux-x86_64-debian-gcc | 8.2 | 5.62 | 138.41 | 144.03 | OK | |
r-devel-linux-x86_64-fedora-clang | 8.2 | 255.39 | NOTE | |||
r-devel-linux-x86_64-fedora-gcc | 8.2 | 257.08 | NOTE | |||
r-patched-linux-x86_64 | 8.2 | 9.17 | 201.44 | 210.61 | OK | |
r-release-linux-x86_64 | 8.2 | 6.20 | 182.74 | 188.94 | OK | |
r-release-macos-arm64 | 8.2 | NOTE | ||||
r-release-macos-x86_64 | 8.2 | NOTE | ||||
r-release-windows-x86_64 | 8.2 | 31.00 | 223.00 | 254.00 | OK | |
r-oldrel-macos-arm64 | 8.2 | NOTE | ||||
r-oldrel-macos-x86_64 | 8.2 | NOTE | ||||
r-oldrel-windows-ix86+x86_64 | 8.2 | 13.00 | 221.00 | 234.00 | OK |
Version: 8.2
Check: dependencies in R code
Result: NOTE
Namespaces in Imports field not imported from:
‘FNN’ ‘igraph’
All declared Imports should be used.
Flavors: r-devel-linux-x86_64-fedora-clang, r-devel-linux-x86_64-fedora-gcc, r-release-macos-arm64, r-release-macos-x86_64, r-oldrel-macos-arm64, r-oldrel-macos-x86_64