Last updated on 2022-04-24 03:52:26 CEST.
Flavor | Version | Tinstall | Tcheck | Ttotal | Status | Flags |
---|---|---|---|---|---|---|
r-devel-linux-x86_64-debian-clang | 1.0.0 | 7.56 | 102.40 | 109.96 | NOTE | |
r-devel-linux-x86_64-debian-gcc | 1.0.0 | 7.28 | 77.14 | 84.42 | NOTE | |
r-devel-linux-x86_64-fedora-clang | 1.0.0 | 133.97 | NOTE | |||
r-devel-linux-x86_64-fedora-gcc | 1.0.0 | 119.52 | NOTE | |||
r-patched-linux-x86_64 | 1.0.0 | 8.81 | 97.87 | 106.68 | NOTE | |
r-release-linux-x86_64 | 1.0.0 | 6.78 | 91.30 | 98.08 | NOTE | |
r-release-macos-arm64 | 1.0.0 | NOTE | ||||
r-release-macos-x86_64 | 1.0.0 | NOTE | ||||
r-release-windows-x86_64 | 1.0.0 | 16.00 | 115.00 | 131.00 | NOTE | |
r-oldrel-macos-arm64 | 1.0.0 | NOTE | ||||
r-oldrel-macos-x86_64 | 1.0.0 | NOTE | ||||
r-oldrel-windows-ix86+x86_64 | 1.0.0 | 19.00 | 109.00 | 128.00 | NOTE |
Version: 1.0.0
Check: LazyData
Result: NOTE
'LazyData' is specified without a 'data' directory
Flavors: r-devel-linux-x86_64-debian-clang, r-devel-linux-x86_64-debian-gcc, r-devel-linux-x86_64-fedora-clang, r-devel-linux-x86_64-fedora-gcc, r-patched-linux-x86_64, r-release-linux-x86_64, r-release-macos-arm64, r-release-macos-x86_64, r-release-windows-x86_64, r-oldrel-macos-arm64, r-oldrel-macos-x86_64, r-oldrel-windows-ix86+x86_64